 9.
1
Calculate the remainder when 69 is divided by 27.
15
Calculate the remainder when 12485 is divided by 223.
220
Calculate the remainder when 215 is divided by 20.
15
Calculate the remainder when 50 is divided by 30.
20
Calculate the remainder when 1505 is divided by 28.
21
What is the remainder when 233 is divided by 18?
17
Calculate the remainder when 1062 is divided by 41.
37
What is the remainder when 219 is divided by 123?
96
Calculate the remainder when 108 is divided by 56.
52
Calculate the remainder when 203 is divided by 8.
3
Calculate the remainder when 815 is divided by 326.
163
What is the remainder when 329 is divided by 148?
33
Calculate the remainder when 16277 is divided by 14.
9
What is the remainder when 106 is divided by 16?
10
Calculate the remainder when 2322 is divided by 166.
164
Calculate the remainder when 259 is divided by 32.
3
What is the remainder when 1692 is divided by 7?
5
What is the remainder when 204 is divided by 19?
14
Calculate the remainder when 44 is divided by 12.
8
What is the remainder when 610 is divided by 51?
49
What is the remainder when 5943 is divided by 124?
115
Calculate the remainder when 4 is divided by 2.
0
Calculate the remainder when 17 is divided by 6.
5
What is the remainder when 646 is divided by 134?
110
Calculate the remainder when 619 is divided by 3.
1
Calculate the remainder when 21618 is divided by 188.
186
Calculate the remainder when 694 is divided by 35.
29
Calculate the remainder when 278 is divided by 28.
26
Calculate the remainder when 96 is divided by 14.
12
Calculate the remainder when 3317 is divided by 828.
5
What is the remainder when 234 is divided by 40?
34
Calculate the remainder when 92 is divided by 33.
26
Calculate the remainder when 67 is divided by 24.
19
Calculate the remainder when 86 is divided by 22.
20
Calculate the remainder when 673 is divided by 62.
53
What is the remainder when 87 is divided by 22?
21
Calculate the remainder when 36 is divided by 10.
6
Calculate the remainder when 130 is divided by 23.
15
What is the remainder when 685 is divided by 16?
13
Calculate the remainder when 112 is divided by 23.
20
Calculate the remainder when 43 is divided by 3.
1
Calculate the remainder when 42 is divided by 22.
20
Calculate the remainder when 29 is divided by 5.
4
Calculate the remainder when 314 is divided by 40.
34
Calculate the remainder when 916 is divided by 21.
13
Calculate the remainder when 31395 is divided by 10463.
6
What is the remainder when 102 is divided by 55?
47
Calculate the remainder when 189 is divided by 8.
5
Calculate the remainder when 285 is divided by 16.
13
What is the remainder when 263 is divided by 53?
51
Calculate the remainder when 248 is divided by 13.
1
What is the remainder when 298 is divided by 143?
12
What is the remainder when 762 is divided by 30?
12
Calculate the remainder when 235 is divided by 14.
11
What is the remainder when 1215 is divided by 53?
49
Calculate the remainder when 565 is divided by 53.
35
What is the remainder when 156 is divided by 27?
21
Calculate the remainder when 300 is divided by 19.
15
What is the remainder when 153 is divided by 28?
13
What is the remainder when 349 is divided by 39?
37
Calculate the remainder when 359 is divided by 33.
29
Calculate the remainder when 19 is divided by 10.
9
Calculate the remainder when 195 is divided by 29.
21
What is the remainder when 1289 is divided by 213?
11
What is the remainder when 836 is divided by 70?
66
Calculate the remainder when 4341 is divided by 167.
166
Calculate the remainder when 42 is divided by 26.
16
What is the remainder when 124 is divided by 34?
22
What is the remainder when 5252 is divided by 103?
102
Calculate the remainder when 115 is divided by 13.
11
Calculate the remainder when 257 is divided by 242.
15
What is the remainder when 176 is divided by 20?
16
Calculate the remainder when 184 is divided by 63.
58
Calculate the remainder when 1249 is divided by 25.
24
What is the remainder when 337 is divided by 26?
25
Calculate the remainder when 358 is divided by 159.
40
What is the remainder when 173 is divided by 65?
43
What is the remainder when 406 is divided by 17?
15
What is the remainder when 40345 is divided by 257?
253
What is the remainder when 141 is divided by 2?
1
What is the remainder when 589 is divided by 110?
39
Calculate the remainder when 370 is divided by 2.
0
Calculate the remainder when 36075 is divided by 57.
51
What is the remainder when 60 is divided by 7?
4
Calculate the remainder when 7218 is divided by 38.
36
Calculate the remainder when 71 is divided by 9.
8
What is the remainder when 1481 is divided by 83?
70
What is the remainder when 32 is divided by 15?
2
What is the remainder when 1002 is divided by 59?
58
Calculate the remainder when 155 is divided by 66.
23
What is the remainder when 543 is divided by 68?
67
Calculate the remainder when 1285 is divided by 49.
11
Calculate the remainder when 3640 is divided by 81.
76
What is the remainder when 37333 is divided by 8?
5
What is the remainder when 1453 is divided by 220?
133
What is the remainder when 178 is divided by 36?
34
What is the remainder when 295 is divided by 72?
7
What is the remainder when 5601 is divided by 170?
161
Calculate the remainder when 165 is divided by 42.
39
What is the remainder when 1150 is divided by 77?
72
Calculate the remainder when 293 is divided by 26.
7
What is the remainder when 1718 is divided by 571?
5
Calculate the remainder when 1569 is divided by 5.
4
Calculate the remainder when 6554 is divided by 22.
20
What is the remainder when 209 is divided by 42?
41
Calculate the remainder when 97 is divided by 68.
29
Calculate the remainder when 8 is divided by 2.
0
Calculate the remainder when 660 is divided by 8.
4
Calculate the remainder when 106 is divided by 10.
6
What is the remainder when 89 is divided by 35?
19
What is the remainder when 262 is divided by 6?
4
Calculate the remainder when 61 is divided by 30.
1
What is the remainder when 79 is divided by 13?
1
Calculate the remainder when 294 is divided by 95.
9
What is the remainder when 109 is divided by 54?
1
Calculate the remainder when 767 is divided by 35.
32
What is the remainder when 1360 is divided by 272?
0
What is the remainder when 150 is divided by 42?
24
What is the remainder when 179 is divided by 82?
15
Calculate the remainder when 30559 is divided by 80.
79
Calculate the remainder when 405 is divided by 22.
9
Calculate the remainder when 75 is divided by 7.
5
Calculate the remainder when 329 is divided by 87.
68
What is the remainder when 794 is divided by 14?
10
What is the remainder when 624 is divided by 79?
71
What is the remainder when 5978 is divided by 399?
392
What is the remainder when 78 is divided by 29?
20
Calculate the remainder when 3647 is divided by 6.
5
Calculate the remainder when 320 is divided by 149.
22
Calculate the remainder when 822 is divided by 15.
12
Calculate the remainder when 169 is divided by 2.
1
What is the remainder when 52 is divided by 29?
23
Calculate the remainder when 26403 is divided by 41.
40
What is the remainder when 125 is divided by 8?
5
What is the remainder when 136 is divided by 17?
0
Calculate the remainder when 47 is divided by 9.
2
Calculate the remainder when 133 is divided by 92.
41
Calculate the remainder when 452 is divided by 29.
17
Calculate the remainder when 374 is divided by 26.
10
Calculate the remainder when 182 is divided by 175.
7
Calculate the remainder when 1199 is divided by 28.
23
What is the remainder when 726 is divided by 81?
78
Calculate the remainder when 253 is divided by 36.
1
Calculate the remainder when 1369 is divided by 124.
5
Calculate the remainder when 37648 is divided by 33.
28
Calculate the remainder when 2991 is divided by 986.
33
Calculate the remainder when 466 is divided by 111.
22
What is the remainder when 88 is divided by 13?
10
What is the remainder when 780 is divided by 188?
28
Calculate the remainder when 403 is divided by 4.
3
Calculate the remainder when 94 is divided by 25.
19
Calculate the remainder when 465 is divided by 11.
3
Calculate the remainder when 505 is divided by 51.
46
Calculate the remainder when 449 is divided by 145.
14
Calc